 -1 + -1 + 2 + -6 + 2.
-4
Evaluate -6 + (5 - (5 - 0) - 2).
-8
Calculate -2 + 4 + -1 + 1 - -1.
3
What is ((0 - 2) + 2 - -2) + -1?
1
Evaluate (-12 - -4) + 9 - (5 - 1).
-3
What is the value of -6 + 0 + 14 + -2 - 7?
-1
What is 2 + 0 - (-10 - -17 - 12)?
7
What is -2 - (6 + -6 - 7)?
5
Evaluate -6 + -18 + (23 - 10).
-11
Evaluate 2 + 1 + (13 - 6 - 9).
1
Evaluate -1 + (1 - -3 - 8) + 6.
1
7 + -10 - (-5 - -1)
1
What is the value of 4 - (-7 + 3 + 6)?
2
What is the value of -3 - 0 - (-3 - (-2 - -2))?
0
Evaluate 2 + (6 - (1 + (5 - 1))).
3
Evaluate (4 - 2) + -7 + 2 + 6.
3
What is (-3 + 5 - 3) + 5?
4
Evaluate -1 - 5 - (-130 - -133).
-9
What is the value of 0 + -6 + 8 + -6?
-4
Calculate -1 + (6 - (1 - -4)).
0
-3 - (6 - (2 - -4) - 1)
-2
Calculate 4 - (2 + (-6 - -3)).
5
What is -3 - -2 - -2 - 1?
0
Evaluate -8 + 1 + (-1 - -6 - -4).
2
Calculate -2 + 10 - (-11 - -14).
5
Calculate -1 + (2 - (0 + 2) - 0).
-1
What is the value of 11 + (2 - 11) + 4?
6
What is the value of -18 - (10 - 20) - -8?
0
Calculate 10 - ((1 + -1 - -1) + 4).
5
Evaluate -2 + 1 - (5 - (-3 - -11)).
2
What is 5 + (-14 - (-2 - -6 - 6))?
-7
What is -2 + 0 + (-6 - -5 - -6)?
3
What is the value of -1 - 2 - (-5 - 0) - 1?
1
What is the value of -7 - -2 - -1 - 1?
-5
16 - (-12 - -27) - (3 - -1)
-3
What is the value of (1 - 4) + (-16 - 1) + 12?
-8
-1 + (3 - (9 + -9 + 4))
-2
What is (-3 - (2 - 2) - -3) + 4?
4
0 - -5 - (4 - 9 - -6)
4
(1 - 2) + (-2 - -2 - 1)
-2
Calculate 1 + 8 - (24 - 8).
-7
What is the value of -2 + 6 - (-4 + 14 + -5)?
-1
Evaluate 5 + 1 + (33 - 39).
0
Calculate 3 + 10 + -18 - 1.
-6
What is the value of 1 + (5 - 10) - -2?
-2
What is the value of 5 + (7 - 6) + -1 + -6?
-1
Evaluate 10 + -2 + -7 + 2.
3
What is (-2 - -9) + -27 + 24?
4
What is -16 + 14 + (-2 - -7)?
3
Evaluate -5 + (29 - 32 - (-1 - 4)).
-3
Evaluate 0 + -5 - (1 + (1 - 3)).
-4
What is -4 + (4 - (3 + 1 - 2))?
-2
What is the value of -5 - (-6 - 5 - -8)?
-2
What is the value of -12 + 4 + (2 - (2 + 2))?
-10
What is (-2 - (-6 - 0)) + -3?
1
What is -9 + (-1 - -2) + 12?
4
Calculate (-5 + 5 - 1) + 3 + -1.
1
Evaluate (-6 + -5 - -6) + 2 + -3.
-6
What is 6 - ((6 - -4) + -1)?
-3
What is the value of 8 - 5 - (-2 - -6)?
-1
Evaluate 274 + -280 - (-1 + 0 + 0).
-5
Calculate 15 + -36 + (3 - -8).
-10
Calculate 4 - 4 - (1 - 4 - -4).
-1
Calculate -233 + 228 + (0 - -1 - -1).
-3
What is (5 - 1) + (-8 - 3) + 12?
5
What is (0 - 8) + -16 + 26 + -8?
-6
What is the value of (-5 - (-6 + -2 + 5)) + 2?
0
Evaluate -12 + (6 - 0) + 0 + 4.
-2
Evaluate -1 + (10 - 9) + 0.
0
Evaluate 2 + (-4 + -2 - -2).
-2
Evaluate 1 - (-12 + 18 + 1).
-6
What is (-10 - (-4 - 5)) + -1?
-2
Evaluate (-8 - (-15 + 5 - -4)) + -4.
-6
Calculate (-4 - -6) + -5 + 10 + -4.
3
3 + 6 + (2 - 2) + -8
1
Calculate (-1 - -11) + (-76 - -65).
-1
Evaluate 1 + (-8 - -1 - (-13 - -11)).
-4
(-5 - -2) + 0 + 3
0
Evaluate 2 + (-10 - (-4 + -3)).
-1
-4 - (2 - (-4 + 4) - 2)
-4
What is the value of -10 + (0 - -5) + (12 - 2)?
5
What is the value of (-4 + 0 - (-18 - -20)) + 11?
5
Evaluate 4 + 1 - (4 - (8 + -4)).
5
What is -2 + (2 - (-5 - -11))?
-6
What is the value of -6 - (-10 - (7 - 8))?
3
-3 - (1 + -4) - (-4 + 1)
3
What is the value of (12 - 14) + (0 - -3)?
1
-1 - 3 - (7 + -9)
-2
(3 - 0) + (-3 - 1)
-1
Evaluate 5 - (9 + 2 + -3).
-3
Calculate 0 - (-2 - (-3 + 6 + -6)).
-1
What is the value of 1 + -3 - -6 - (8 - 6)?
2
What is -10 - (-1 - -1) - (44 + -51)?
-3
What is the value of 12 + (6 - 20) - (0 + 0)?
-2
What is the value of 5 + -6 + 5 + -3?
1
What is 4 - (-1 + 3 - (67 - 68))?
1
Evaluate (1 - 5) + 1 + 1 - -6.
4
What is 10 + -18 + (9 - 2)?
-1
Evaluate -15 - -10 - -4 - (1 - 3).
1
Evaluate 6 + 2 - (4 + 2).
2
Calculate -4 + (5 - -1) - (-2 - -2).
2
Calculate 2 - (6 - 4) - -3.
3
What is -3 + (-8 + 4 - (-7 + -1))?
1
Calculate (-7 + 8 - 6) + 1.
-4
What is 6 - (7 - (-4 - -4 - -3))?
2
-3 - (0 + (-1 - 4)) - 6
-4
Calculate -9 - ((-7 - -1) + 1).
-4
What is -1 - -2 - (7 - (1 - -1))?
-4
Evaluate 4 - (9 - 11 - (-1 - 3)).
2
What is 35 - 36 - (2 + 1)?
-4
What is the value of 1 - (-2 + (2 - -4)) - 1?
-4
What is the value of (5 - 7) + 2 + -4?
-4
Evaluate 1 - 4 - -2 - (-3 - -4).
-2
Evaluate (0 - -5 - 5) + 3.
3
Evaluate -47 + 41 + 0 + 5 + -5.
-6
Calculate 2 - 4 - ((-3 - 5) + 3).
3
Calculate 4 + -8 - 0 - (-1 + -3).
0
Calculate 8 + -3 + -11 + -6 + 8.
-4
What is -4 - -7 - (3 + -4)?
4
What is the value of -10 + 9 - (0 - 4)?
3
9 + -6 + (-2 - -2) + 2
5
What is (0 - 0) + (-1 - 2 - -5)?
2
(4 - 8) + 9 - 1
4
25 + -30 - (2 + -9)
2
Evaluate 0 + (4 - 4) + 4.
4
What is 3 + -3 - (-3 + 8)?
-5
-1 - ((2 - -4) + -7)
0
Calculate -2 - (-4 + 0) - (-1 - 0).
3
Calculate -5 + (-6 - -12) + -3.
-2
Calculate -12 - (-14 - -1) - 5.
-4
What is the value of -1 - ((-3 - 1) + (2 - -2))?
-1
What is 4 - (-1 + 4 + -6 + 7)?
0
0 + (2 - 0) + -7 + 7
2
What is the value of 7 - 7 - (2 - 7)?
5
-8 + -1 + 14 + -56 + 50
-1
What is 1 - 8 - (-28 - (3 + -24))?
0
Evaluate (-21 - (0 + -9)) + 8.
-4
Evaluate (0 - (4 + -10)) + -13.
-7
What is (6 - 11) + -2 + 2?
-5
What is the value of 5 + (1 - 3) + 5 - 2?
6
What is 10 + (4 - 16 - -9)?
7
3 - -1 - 10 - (-5 - 6)
5
What is the value of (1 - 1) + (-59 - -61)?
2
What is the value of -5 + 0 - (-2 + -1 + 2)?
-4
What is the value of -3 + (8 - -2) + 1 + -3?
5
Evaluate -1 + 1 + (3 - -1) + -4.
0
Calculate 7 + 0 + -3 - 3.
1
Calculate -3 + 3 - (17 + -15).
-2
Evaluate 6 + -1 - (11 + (10 - 18)).
2
Calculate -2 + 4 + (3 - (5 + -3)).
3
Evaluate 1 + -4 - ((1 - 12) + 0).
8
Evaluate (-11 + 28 - 6) + -9.
2
Calculate (-3 - 0) + -1 + -2 + 2.
-4
What is 4 - (1 + -2) - 5?
0
What is -2 + (2 - (0 - (0 - 0)))?
0
(0 + 2 - 6) + (-13 - -16)
-1
What is (-3 - (9 + -6)) + 11?
5
1 + 2 + (8 - 15) + 0
-4
Evaluate (0 - 5) + (13 - 12).
-4
What is 7 + -22 + 13 + 2?
0
What is the value of -1 - (0 + -1 - (-3 - -4))?
1
What is the value of 17 + -10 - (2 + 4)?
1
What is the value of -3 + 2 + -1 - -1 - -6?
5
Calculate (4 - (-2 + 10)) + 7 + -4.
-1
What is the value of (-4 - (-10 - -11)) + (1 - 2)?
-6
What is (44 - 36) + -6 + 1?
3
Calculate -1 + 9 + (17 - 22).
3
Evaluate -1 + -4 + (10 + 0 - 0).
5
(-1 + 3 - 2) + -3
-3
-4 - (-5 + (3 - (2 - 0)))
0
(-2 - -13 - 0) + -29 + 23
5
Calculate -7 + 1 - (90 - 98).
2
What is (-4 - -3) + (8 - 5) - -1?
3
2 + (-5 + 5 - 4) + 8
6
-10 + 8 + (-4 - (1 + -1))
-6
-5 + 2 - (-5 + 3 - 1)
0
1 - 3 - -3 - -2
3
Evaluate (3 - 0) + 0 + 5.
8
Calculate 12 - (-1 - (-8 - -1)).
6
Calculate (13 - 10) + 15 + -25.
-7
-5 - (-3 - (3 + -4 + 4))
1
3 + (-2 - (-2 + (3 - -2)))
-2
Calculate 0 - 2 - (-6 + 3 + 5).
-4
Evaluate 7 + -5 + -4 + 4.
2
(-15 - 3 - -8) + 7
-3
What is the value of -6 + 6 + -12 + 16 - -4?
8
Evaluate -5 - (-2 - (-2 - -12 - 2)).
5
Evaluate -2 + 6 - (3 + -2 + 0).
3
Calculate -2 + -3 - (-5 - (-2 + 6)).
4
Evaluate 1 - 0 - (2 - (4 - 1)).
2
What is the value of 2 + -6 + 9 + -9?
-4
What is the value of (2 - 0) + -3 + -2?
-3
Calculate 6 - (7 + -3) - (1 - -1).
0
Calculate (1 + 4 - 10) + 12 - 6.
1
1 - (1 + 0) - (165 + -166)
1
Calculate -8 + (6 - -7) + -4.
1
What is the value of -13 - -1 - -26 - 6?
8
What is -1 + 0 - (-26 + 16) - 0?
9
What is the value of 0 + -5 + 1 + 10 + -8?
-2
What is the value of (2 - (8 + -4)) + 4?
2
Calculate 4 + (3 - -1 - (4 + -1)).
5
What is (0 - -5) + (7 - (5 + 2))?
5
What is the value of -9 + (5 - -3 - 3) + 0?
-4
Calculate (16 - 0) + (33 - 20 - 20).
9
Evaluate 6 - (7 + -6 - -1) - 6.
-2
Evaluate 1 - (7 + -3 + 1).
-4
What is the value of (6 - -1) + -7 + (-10 - -15)?
5
What is the value of (-1 - (6 + 5)) + 17?
5
What is -6 - (-6 + -6) - 1?
5
What is the value of 5 + (0 - -6 - 11)?
0
Evaluate 0 + 0 - (1 + 1).
-2
Calculate 7 + (-4 - ((-1 - -3) + 1)).
0
What is -2 + 1 + -3 + 3 - 1?
-2
Calculate -6 - (1 + 5 + 3 + -10).
-5
(-25 - -29) + -1 + 3 + -9
-3
Calculate 9 + (-4 - 1) + -6.
-2
What is 2 + (3 - (0 + 2))?
3
Calculate 4 - (5 + -1 - 5 - -11).
-6
Evaluate -2 - 2 - (-9 + 7) - -3.
1
What is the value of -85 + 81 + (6 - 1) + 0?
1
What is the value of -3 - (4 - (1 + 5 - 5))?
-6
Evaluate 4 + (0 - (1 - 3 - -3)).
3
-8 - (-6 - 3) - (0 + 3)
-2
What is -3 - (-4 - (1 + -5))?
-3
What is (27 - 42) + (10 - 1)?
-6
What is the value of -8 + 19 + 12 + -18?
5
Calculate -7 - (-11 + 9 + -2).
-3
-4 - (0 + 11 + (-5 - 2))
-8
Evaluate 3 - (7 - ((5 - 2) + -1)).
-2
What is 2 - (2 + (-3 - 0))?
3
1 + -10 + (9 + -4 - 0)
-4
What is 50 + -38 + 1 + -7?
6
What is (5 + (-10 - -5) - 2) + -2?
-4
W